
Is 59 a factor of 29184350?
True
Does 9 divide 299269453?
False
Does 12 divide 17302844?
False
Is 15 a factor of 590519460?
True
Does 3887 divide 299944242?
True
Is 3647415628 a multiple of 1169?
False
Is 91735716 a multiple of 5228?
True
Is 39079836 a multiple of 12?
True
Is 535 a factor of 568024480?
True
Is 3 a factor of 481367990?
False
Is 10190888 a multiple of 101?
False
Is 83 a factor of 40096055?
True
Is 17 a factor of 18758310?
True
Is 9994656 a multiple of 224?
True
Is 4 a factor of 9253260?
True
Is 200267452 a multiple of 13?
False
Is 328941616 a multiple of 166?
True
Is 126548361 a multiple of 339?
True
Does 18712 divide 2142056200?
True
Does 565 divide 960561020?
True
Is 584 a factor of 471051480?
True
Is 30 a factor of 70505732?
False
Is 76 a factor of 14546096?
True
Is 3101 a factor of 14766962?
True
Is 534949227 a multiple of 101?
True
Is 222770854 a multiple of 44?
False
Is 45477210 a multiple of 51?
True
Is 1702588492 a multiple of 1588?
True
Is 3340 a factor of 126983460?
True
Does 80 divide 3568056?
False
Does 2841 divide 47606637?
True
Does 5 divide 45782555?
True
Does 67 divide 3470403234?
False
Does 181 divide 23317868?
True
Is 45307372 a multiple of 781?
True
Does 14 divide 21865603?
False
Does 1654 divide 21472724?
False
Is 390915274 a multiple of 17?
False
Is 150462979 a multiple of 3?
False
Does 20 divide 118710150?
False
Is 20982122 a multiple of 63?
False
Is 10 a factor of 34606150?
True
Is 33 a factor of 19696248?
True
Is 591 a factor of 1216335918?
True
Is 10140 a factor of 1710241496?
False
Is 161 a factor of 13923924?
True
Is 476981843 a multiple of 36?
False
Is 721240091 a multiple of 101?
True
Does 23 divide 20533689?
False
Is 30 a factor of 227962580?
False
Does 465 divide 55863240?
True
Is 293 a factor of 67029903?
True
Does 58 divide 15622126?
True
Is 51 a factor of 561412918?
False
Is 386 a factor of 5558786?
True
Does 44 divide 626015691?
False
Is 16 a factor of 3193800998?
False
Is 83514796 a multiple of 44?
False
Is 7697 a factor of 95844416?
False
Is 1529 a factor of 9591868?
False
Is 405 a factor of 67498110?
True
Is 168947816 a multiple of 4?
True
Is 1099 a factor of 83129459?
True
Is 112904348 a multiple of 224?
False
Is 1076619952 a multiple of 21?
False
Is 169983620 a multiple of 706?
True
Is 40 a factor of 368350528?
False
Does 946 divide 29594664?
True
Is 1050463505 a multiple of 255?
False
Does 6 divide 8710587?
False
Does 118 divide 9290022?
True
Does 679 divide 261977891?
True
Is 664188900 a multiple of 25?
True
Is 442493547 a multiple of 1562?
False
Does 222 divide 31777301?
False
Is 24 a factor of 3217035156?
False
Is 76580552 a multiple of 904?
True
Is 44493930 a multiple of 65?
True
Is 709 a factor of 2951567?
True
Does 267 divide 22072831?
False
Is 8022286 a multiple of 276?
False
Does 664 divide 59836360?
True
Does 107 divide 6758093?
False
Is 261342127 a multiple of 10?
False
Is 631986460 a multiple of 892?
True
Does 38 divide 506008114?
True
Is 24990152 a multiple of 44?
True
Is 1494969332 a multiple of 542?
True
Is 10 a factor of 30399150?
True
Is 1093 a factor of 12114515?
False
Is 155 a factor of 144636080?
True
Is 22440055 a multiple of 11?
True
Is 7 a factor of 79174579?
False
Does 111 divide 196808217?
True
Does 119 divide 25354850?
False
Does 31 divide 408434257?
False
Does 278 divide 38742914?
True
Is 132 a factor of 40888848?
True
Is 685 a factor of 155344822?
False
Is 151824082 a multiple of 1043?
False
Is 7891852 a multiple of 86?
False
Does 68 divide 53466999?
False
Is 126640887 a multiple of 36?
False
Is 4098675 a multiple of 1048?
False
Is 339 a factor of 4204691?
False
Is 3987688042 a multiple of 790?
False
Is 16 a factor of 35424576?
True
Is 12 a factor of 1545676174?
False
Is 51 a factor of 468593967?
True
Is 32155959 a multiple of 473?
True
Is 31 a factor of 699650129?
True
Does 12 divide 63415016?
False
Does 1138 divide 72509546?
False
Is 159575832 a multiple of 27?
True
Does 50 divide 220570659?
False
Is 9672300 a multiple of 825?
True
Is 94183655 a multiple of 563?
False
Is 3 a factor of 415074707?
False
Is 4780018055 a multiple of 13642?
False
Is 107951275 a multiple of 17?
True
Is 304578797 a multiple of 3234?
False
Is 15 a factor of 94673295?
True
Is 26055644 a multiple of 8?
False
Does 36 divide 77866848?
True
Does 154 divide 56700650?
False
Is 64857969 a multiple of 2123?
False
Does 131 divide 153014065?
False
Is 168302409 a multiple of 48?
False
Is 2053751304 a multiple of 1221?
True
Is 766 a factor of 3182431953?
False
Is 6 a factor of 9042390?
True
Does 5 divide 5132310?
True
Does 841 divide 1230718559?
True
Does 893 divide 68576575?
False
Does 23 divide 70039037?
False
Is 30 a factor of 7450086?
False
Is 475018834 a multiple of 336?
False
Is 3555204387 a multiple of 12?
False
Is 55 a factor of 256666245?
True
Is 61719693 a multiple of 50?
False
Does 3 divide 27974946?
True
Is 58330400 a multiple of 4289?
True
Does 17 divide 284595555?
True
Does 2884 divide 114399628?
True
Does 40 divide 133011360?
True
Is 294494051 a multiple of 18?
False
Is 2908 a factor of 235283372?
True
Does 314 divide 218327340?
True
Does 165 divide 184962690?
True
Is 6 a factor of 114259039?
False
Does 31 divide 53607654?
False
Is 8830652 a multiple of 112?
False
Is 4 a factor of 93818058?
False
Is 1929 a factor of 644179905?
True
Is 228367092 a multiple of 154?
False
Is 1195 a factor of 187141780?
True
Is 134 a factor of 2343814459?
False
Is 542291816 a multiple of 44?
True
Does 471 divide 13176863?
False
Does 1975 divide 1512719197?
False
Is 99815296 a multiple of 56?
True
Does 53 divide 2622147100?
False
Is 363 a factor of 26725906?
False
Is 386 a factor of 218311345?
False
Is 3572356807 a multiple of 84?
False
Is 456553812 a multiple of 2166?
True
Is 89968018 a multiple of 78?
False
Is 39 a factor of 3530096179?
False
Does 207 divide 119184183?
True
Is 204 a factor of 1969369896?
True
Is 37282400 a multiple of 10?
True
Is 1004 a factor of 1726068126?
False
Is 104281172 a multiple of 46?
True
Does 127 divide 610339013?
True
Is 1222596616 a multiple of 68?
True
Is 549665634 a multiple of 1211?
True
Does 1498 divide 74376291?
False
Is 7 a factor of 15642431?
True
Is 4334709480 a multiple of 17?
False
Does 768 divide 107842591?
False
Is 327321498 a multiple of 62?
True
Is 354 a factor of 13113930?
True
Does 8 divide 399767408?
True
Is 165141188 a multiple of 64?
False
Is 1656 a factor of 1608953067?
False
Does 990 divide 383616090?
True
Does 494 divide 4743199?
False
Does 262 divide 8360970?
False
Is 48 a factor of 22623216?
True
Is 20 a factor of 48134158?
False
Is 6629182 a multiple of 14?
True
Is 27557368 a multiple of 8?
True
Does 320 divide 2427564?
False
Is 15 a factor of 125937960?
True
Is 14449131 a multiple of 36?
False
Is 4514 a factor of 1689456931?
False
Does 35 divide 348112?
False
Does 7 divide 130967257?
False
Is 41593781 a multiple of 33?
False
Is 49422504 a multiple of 24?
True
Is 56920580 a multiple of 380?
True
Is 7004 a factor of 3143724388?
True
Is 2663524 a multiple of 596?
True
Is 765 a factor of 69865920?
True
Is 21 a factor of 199419738?
True
Does 24 divide 60885250?
False
Is 15 a factor of 1256745900?
True
Is 5569560 a multiple of 2865?
True
Does 65 divide 11401130?
True
Is 2586665 a multiple of 752?
False
Is 502483962 a multiple of 6?
True
Is 1204273446 a multiple of 12?
False
Is 43 a factor of 92195802?
False
Is 117 a factor of 225547920?
True
Is 4243440751 a multiple of 11?
True
Does 263 divide 12417893?
False
Does 379 divide 243944259?
False
Is 434875397 a multiple of 18?
False
Is 3 a factor of 3209301?
True
Is 16217886 a multiple of 67?
True
Is 1138074 a multiple of 98?
True
Is 18165658 even?
True
Is 3456 a factor of 1206379008?
True
Does 31 divide 1641056305?
False
Does 20 divide 34046511?
False
Is 75606462 a multiple of 245?
False
Is 2749446528 a multiple of 2432?
True
Does 581 divide 46656043?
True
Is 25685178 a multiple of 354?
True
Is 9633640 a multiple of 8?
True
Is 76074 a multiple of 409?
True
Does 74 divide 430129097?
False
Does 42 divide 11206470?
False
Is 2864 a factor of 230428901?
False
Is 275 a factor of 145457125?
True
Is 37904045 a multiple of 2851?
True
Does 1503 divide 8007821?
False
Does 32 divide 2902939518?
False
Does 18 div